1?
2
What is the remainder when 21819 is divided by 263?
253
What is the remainder when 39086 is divided by 7813?
21
What is the remainder when 4519 is divided by 336?
151
What is the remainder when 9007 is divided by 998?
25
What is the remainder when 16580 is divided by 74?
4
Calculate the remainder when 25251 is divided by 3602.
37
Calculate the remainder when 28355 is divided by 28210.
145
What is the remainder when 43179 is divided by 118?
109
What is the remainder when 1395 is divided by 303?
183
What is the remainder when 99533 is divided by 19893?
68
What is the remainder when 1163 is divided by 220?
63
What is the remainder when 15380 is divided by 571?
534
What is the remainder when 280306 is divided by 6?
4
What is the remainder when 9811319 is divided by 24?
23
Calculate the remainder when 30166 is divided by 3764.
54
What is the remainder when 21416 is divided by 43?
2
What is the remainder when 75223 is divided by 388?
339
What is the remainder when 14383 is divided by 2870?
33
Calculate the remainder when 2404 is divided by 8.
4
Calculate the remainder when 685 is divided by 100.
85
Calculate the remainder when 46221 is divided by 138.
129
Calculate the remainder when 34879 is divided by 720.
319
What is the remainder when 166417 is divided by 33?
31
What is the remainder when 8893 is divided by 2957?
22
What is the remainder when 183533 is divided by 91766?
1
What is the remainder when 4710 is divided by 309?
75
Calculate the remainder when 513 is divided by 235.
43
What is the remainder when 4509 is divided by 200?
109
What is the remainder when 83478 is divided by 345?
333
What is the remainder when 13102 is divided by 4364?
10
What is the remainder when 139787 is divided by 65?
37
Calculate the remainder when 3923 is divided by 369.
233
Calculate the remainder when 928 is divided by 154.
4
What is the remainder when 4309 is divided by 287?
4
What is the remainder when 186649 is divided by 93318?
13
What is the remainder when 15406 is divided by 15?
1
What is the remainder when 26697 is divided by 1509?
1044
Calculate the remainder when 16953 is divided by 173.
172
What is the remainder when 26210 is divided by 121?
74
Calculate the remainder when 5887 is divided by 133.
35
What is the remainder when 236976 is divided by 20?
16
Calculate the remainder when 117647 is divided by 130.
127
Calculate the remainder when 8743 is divided by 324.
319
Calculate the remainder when 44856 is divided by 335.
301
Calculate the remainder when 54755 is divided by 391.
15
What is the remainder when 19105 is divided by 19?
10
What is the remainder when 106650 is divided by 1025?
50
Calculate the remainder when 845 is divided by 34.
29
What is the remainder when 259005 is divided by 142?
139
What is the remainder when 26866 is divided by 407?
4
Calculate the remainder when 3133 is divided by 758.
101
Calculate the remainder when 5800 is divided by 2.
0
Calculate the remainder when 43216 is divided by 592.
0
What is the remainder when 1812 is divided by 544?
180
What is the remainder when 5589 is divided by 2?
1
What is the remainder when 5109 is divided by 29?
5
Calculate the remainder when 40641 is divided by 94.
33
Calculate the remainder when 12545 is divided by 172.
161
What is the remainder when 199045 is divided by 467?
103
Calculate the remainder when 21857 is divided by 10913.
31
Calculate the remainder when 43704 is divided by 5461.
16
What is the remainder when 638669 is divided by 226?
219
What is the remainder when 465 is divided by 407?
58
Calculate the remainder when 95829 is divided by 95797.
32
What is the remainder when 395757 is divided by 29?
23
What is the remainder when 11345 is divided by 168?
89
Calculate the remainder when 928 is divided by 544.
384
What is the remainder when 15377 is divided by 17?
9
What is the remainder when 161929 is divided by 23?
9
What is the remainder when 66309 is divided by 231?
12
What is the remainder when 230489 is divided by 90?
89
Calculate the remainder when 29943 is divided by 174.
15
Calculate the remainder when 246106 is divided by 21.
7
Calculate the remainder when 3044 is divided by 545.
319
Calculate the remainder when 21010 is divided by 91.
80
What is the remainder when 12275 is divided by 1927?
713
Calculate the remainder when 2482 is divided by 234.
142
Calculate the remainder when 629261 is divided by 542.
541
Calculate the remainder when 4868 is divided by 96.
68
Calculate the remainder when 9716 is divided by 244.
200
What is the remainder when 1913736 is divided by 11?
0
Calculate the remainder when 34312 is divided by 42.
40
What is the remainder when 270398 is divided by 11?
7
Calculate the remainder when 1827 is divided by 273.
189
Calculate the remainder when 33743 is divided by 392.
31
Calculate the remainder when 422587 is divided by 82.
41
Calculate the remainder when 454986 is divided by 50549.
45
What is the remainder when 13659 is divided by 9?
6
Calculate the remainder when 144190 is divided by 79.
15
What is the remainder when 56884 is divided by 57?
55
What is the remainder when 727 is divided by 643?
84
What is the remainder when 3437 is divided by 121?
49
What is the remainder when 13634 is divided by 1947?
5
What is the remainder when 2193 is divided by 361?
27
Calculate the remainder when 259410 is divided by 169.
164
What is the remainder when 28482 is divided by 645?
102
What is the remainder when 1511 is divided by 595?
321
Calculate the remainder when 57228 is divided by 70.
38
What is the remainder when 265210 is divided by 6?
4
What is the remainder when 23955 is divided by 74?
53
Calculate the remainder when 14472 is divided by 100.
72
What is the remainder when 59556 is divided by 72?
12
Calculate the remainder when 14349 is divided by 43.
30
Calculate the remainder when 42763 is divided by 297.
292
What is the remainder when 1118 is divided by 205?
93
Calculate the remainder when 222610 is divided by 486.
22
Calculate the remainder when 70517 is divided by 69.
68
Calculate the remainder when 55765 is divided by 8.
5
Calculate the remainder when 31642 is divided by 356.
314
What is the remainder when 10961 is divided by 332?
5
What is the remainder when 6389 is divided by 132?
53
What is the remainder when 8481 is divided by 22?
11
Calculate the remainder when 4679 is divided by 1478.
245
Calculate the remainder when 12738 is divided by 3177.
30
Calculate the remainder when 196441 is divided by 805.
21
Calculate the remainder when 65140 is divided by 1027.
439
Calculate the remainder when 8605 is divided by 537.
13
What is the remainder when 19675 is divided by 3278?
7
Calculate the remainder when 872 is divided by 90.
62
Calculate the remainder when 255 is divided by 19.
8
What is the remainder when 8268 is divided by 75?
18
What is the remainder when 913 is divided by 8?
1
What is the remainder when 21448 is divided by 26?
24
Calculate the remainder when 137419 is divided by 68709.
1
Calculate the remainder when 23661 is divided by 11716.
229
Calculate the remainder when 277252 is divided by 18.
16
Calculate the remainder when 81042 is divided by 15.
12
What is the remainder when 29229 is divided by 348?
345
What is the remainder when 2032953 is divided by 14?
13
What is the remainder when 791 is divided by 783?
8
What is the remainder when 111518 is divided by 196?
190
What is the remainder when 6964 is divided by 349?
333
Calculate the remainder when 489 is divided by 173.
143
Calculate the remainder when 6534 is divided by 86.
84
Calculate the remainder when 837 is divided by 399.
39
What is the remainder when 117056 is divided by 518?
506
Calculate the remainder when 6644 is divided by 2190.
74
Calculate the remainder when 32756 is divided by 10904.
44
Calculate the remainder when 185531 is divided by 86.
29
What is the remainder when 51487 is divided by 3?
1
What is the remainder when 287999 is divided by 95994?
17
Calculate the remainder when 299 is divided by 184.
115
What is the remainder when 755 is divided by 746?
9
Calculate the remainder when 319768 is divided by 306.
304
Calculate the remainder when 4423 is divided by 2202.
19
What is the remainder when 6862897 is divided by 110?
107
What is the remainder when 10175 is divided by 1